{"id":114,"date":"2011-12-19T23:44:11","date_gmt":"2011-12-19T23:44:11","guid":{"rendered":"http:\/\/www.bkl974.re\/moto974\/?page_id=114"},"modified":"2012-01-09T17:33:09","modified_gmt":"2012-01-09T17:33:09","slug":"test","status":"publish","type":"page","link":"http:\/\/www.bkl974.re\/moto974\/?page_id=114","title":{"rendered":"Mon Univers de la moto"},"content":{"rendered":"<p style=\"text-align: justify;\"><em><span style=\"font-size: small;\">Je suis tomb\u00e9 dedans petit!<\/span><\/em><br \/>\n<em><span style=\"font-size: small;\">J&rsquo;ai commenc\u00e9 la moto \u00e0 7 ans sur une petite 80 cross au milieu des ann\u00e9es 80. A une \u00e9poque ou dans mon village il n&rsquo;y avait quasiment pas de voiture. Je pouvais donc emprunter la route pour aller jouer dans les petits chemins. J&rsquo;ai appris comme \u00e7a un peu de cross, beaucoup d&rsquo;enduro et un peu de route&#8230;.<\/span><\/em><br \/>\n<em><span style=\"font-size: small;\">Puis parcours classique p\u00e9trolette, scooter, 125, routi\u00e8re, puis aujourd&rsquo;hui duke. Et \u00e7a fait 27 ans que je monte \u00e0 moto..<\/span><\/em><br \/>\n<em><span style=\"font-size: small;\"> Ce n&rsquo;est qu&rsquo;en 2011 que je suis pass\u00e9 au 4 temps car encore aujourd&rsquo;hui je pr\u00e9f\u00e8re les 2 temps mais bon c&rsquo;est de plus en plus rare!! J&rsquo;attendais qu&rsquo;une moto me tape vraiment dans l&rsquo;oeil et j&rsquo;ai d\u00e9couvert la Duke 690R mono cylindre j&rsquo;ai achet\u00e9 direct=) \u00a0Un mono qui \u00e0 une jolie t\u00eate c&rsquo;est bon pour moi lol. Vu ou j&rsquo;habite \u00a0et ou je roule les 4 cylindres non merci c&rsquo;est lourd et \u00e7a avance pas, les bi-cylindres non plus, le bi a les d\u00e9fauts des deux autres en mimant leurs qualit\u00e9s. 1 trois pattes j&rsquo;y pense, j&rsquo;y pense&#8230;.une street triple hummmmm!<\/span><\/em><\/p>\n<p style=\"text-align: justify;\"><em><span style=\"font-size: small;\">Mes motos pr\u00e9f\u00e9r\u00e9es celles que j&rsquo;ai eu ou pas&#8230;rien \u00e0 voir entre elles=)<\/span><\/em><br \/>\n<em><span style=\"font-size: small;\">La 1300 XJR j&rsquo;en ai jamais eu \u00a0mais je l&rsquo;ai toujours\u00a0appr\u00e9ci\u00e9.\u00a0<\/span><\/em><br \/>\n<em><span style=\"font-size: small;\"><a href=\"http:\/\/www.bkl974.re\/moto974\/wp-content\/uploads\/2011\/12\/yamaha-xjr-1300.jpg\" rel=\"lightbox[114]\"><img loading=\"lazy\" decoding=\"async\" class=\"aligncenter size-large wp-image-145\" title=\"yamaha-xjr-1300\" src=\"http:\/\/www.bkl974.re\/moto974\/wp-content\/uploads\/2011\/12\/yamaha-xjr-1300-800x600.jpg\" alt=\"\" width=\"640\" height=\"480\" \/><\/a><a href=\"http:\/\/www.xjrteam.com\/\" target=\"_blank\">Photo de\u00a0http:\/\/www.xjrteam.com\/<\/a><\/span><\/em><\/p>\n<p>125 TZR Belgarda courses quelle moto je l&rsquo;ai ador\u00e9 photo tir\u00e9e de\u00a0<a href=\"http:\/\/yamaha125tzr.vraiforum.com\/t555-Mon-TZR-R-belgarda-1992.htm\" target=\"_blank\">http:\/\/yamaha125tzr.vraiforum.com\/t555-Mon-TZR-R-belgarda-1992.htm<\/a> ressemble \u00e0 celle que j&rsquo;ai eu que j&rsquo;ai repeint en noir:<a href=\"http:\/\/yamaha125tzr.vraiforum.com\/t555-Mon-TZR-R-belgarda-1992.htm\"><br \/>\n<\/a><a href=\"http:\/\/www.bkl974.re\/moto974\/wp-content\/uploads\/2011\/12\/tzr-belgarda.jpg\" rel=\"lightbox[114]\"><img loading=\"lazy\" decoding=\"async\" class=\"aligncenter size-large wp-image-146\" title=\"tzr belgarda\" src=\"http:\/\/www.bkl974.re\/moto974\/wp-content\/uploads\/2011\/12\/tzr-belgarda-800x512.jpg\" alt=\"\" width=\"640\" height=\"409\" \/><\/a>250 TDR \u00a0photo d&rsquo;une annonce:<br \/>\n<em><span style=\"font-size: small;\"><a href=\"http:\/\/www.bkl974.re\/moto974\/wp-content\/uploads\/2011\/12\/250-tdr.jpg\" rel=\"lightbox[114]\"><img loading=\"lazy\" decoding=\"async\" class=\"aligncenter size-full wp-image-147\" title=\"250 tdr\" src=\"http:\/\/www.bkl974.re\/moto974\/wp-content\/uploads\/2011\/12\/250-tdr.jpg\" alt=\"\" width=\"582\" height=\"437\" \/><\/a>\u00a0J&rsquo;ai pu\u00a0l\u2019enfourcher\u00a0plusieurs fois quel pied super moteur un super jouet. Dommage que le cadre et suspensions soient un peu \u00e0 la tra\u00eene.<\/span><\/em><\/p>\n<p><em><span style=\"font-size: small;\">J&rsquo;ai toujours la petite \u00a0soeur dans la cour 125 TDR lightburner bon le mien n&rsquo;est pas tout \u00e0 fait d&rsquo;origine 20 ans cette ann\u00e9e: Elle je ne l&rsquo;a vendrai jamais c&rsquo;est ma titine=):<\/span><\/em><br \/>\n<em><span style=\"font-size: small;\"><a href=\"http:\/\/www.bkl974.re\/moto974\/wp-content\/uploads\/2011\/12\/mon-light.jpg\" rel=\"lightbox[114]\"><img loading=\"lazy\" decoding=\"async\" class=\"aligncenter size-full wp-image-148\" title=\"mon light\" src=\"http:\/\/www.bkl974.re\/moto974\/wp-content\/uploads\/2011\/12\/mon-light.jpg\" alt=\"\" width=\"800\" height=\"600\" \/><br \/>\n<\/a>Une que j&rsquo;aimerais bien avoir la 600 NORDWEST Gilera photos\u00a0<a href=\"http:\/\/www.bikepics.com\/\" target=\"_blank\">http:\/\/www.bikepics.com<\/a><\/span><\/em><br \/>\n<em><span style=\"font-size: small;\"><a href=\"http:\/\/www.bkl974.re\/moto974\/wp-content\/uploads\/2011\/12\/600-nrdwest.jpg\" rel=\"lightbox[114]\"><img loading=\"lazy\" decoding=\"async\" class=\"aligncenter size-full wp-image-149\" title=\"600 nrdwest\" src=\"http:\/\/www.bkl974.re\/moto974\/wp-content\/uploads\/2011\/12\/600-nrdwest.jpg\" alt=\"\" width=\"800\" height=\"600\" \/><\/a><\/span><\/em><br \/>\n<em><span style=\"font-size: small;\">En moto de tous les jours donc pas pour les balades du dimanche je pense m&rsquo;en prendre une cette ann\u00e9e \u00e7a me fera 3 motos mais bon.<\/span><\/em><br \/>\n<em><span style=\"font-size: small;\">J&rsquo;h\u00e9site entre un 3 pattes la street triple R: photo\u00a0<a href=\"http:\/\/www.moto-station.com\/\">http:\/\/www.moto-station.com\/<br \/>\n<\/a><a href=\"http:\/\/www.bkl974.re\/moto974\/wp-content\/uploads\/2011\/12\/Triumph_Street_Triple_675.jpg\" rel=\"lightbox[114]\"><img loading=\"lazy\" decoding=\"async\" class=\"aligncenter size-full wp-image-150\" title=\"Triumph_Street_Triple_675\" src=\"http:\/\/www.bkl974.re\/moto974\/wp-content\/uploads\/2011\/12\/Triumph_Street_Triple_675.jpg\" alt=\"\" width=\"500\" height=\"357\" \/><\/a><\/span><\/em><br \/>\n<em><span style=\"font-size: small;\">\u00a0Ou alors une Kawasaki avec le seul bi qui me tente la 650 VERSYS: photo\u00a0<a href=\"http:\/\/www.lerepairedesmotards.com\/\">http:\/\/www.lerepairedesmotards.com<br \/>\n<\/a><a href=\"http:\/\/www.bkl974.re\/moto974\/wp-content\/uploads\/2011\/12\/kawasaki-versys-650.jpg\" rel=\"lightbox[114]\"><img loading=\"lazy\" decoding=\"async\" class=\"aligncenter size-full wp-image-151\" title=\"kawasaki-versys-650\" src=\"http:\/\/www.bkl974.re\/moto974\/wp-content\/uploads\/2011\/12\/kawasaki-versys-650.jpg\" alt=\"\" width=\"510\" height=\"385\" \/><\/a>T\u00eate \u00e9trange position sympa moteur solide en moto de tous les jours je suis pour!!<\/span><\/em><\/p>\n<p><em><span style=\"font-size: small;\">Et pour le dimanche j&rsquo;ai celle la \u00a0KTM Duke 690R\u00a0je suis pas pr\u00eat d&rsquo;en changer=)):<\/span><\/em><br \/>\n<em><span style=\"font-size: small;\"><a href=\"https:\/\/lh3.googleusercontent.com\/-8Ye7yQXxJok\/TunddZ4sTbI\/AAAAAAAAC7E\/l2thJk-3xFU\/s912\/P1080090.JPG\" target=\"_blank\" rel=\"lightbox[114]\"><img loading=\"lazy\" decoding=\"async\" class=\"aligncenter\" src=\"https:\/\/lh3.googleusercontent.com\/-8Ye7yQXxJok\/TunddZ4sTbI\/AAAAAAAAC7E\/l2thJk-3xFU\/s912\/P1080090.JPG\" alt=\"\" width=\"638\" height=\"479\" \/><\/a><\/span><\/em><\/p>\n<p><em><span style=\"font-size: small;\">Quel plaisir cette moto&#8230;.<\/span><\/em><\/p>\n<p><em><span style=\"font-size: small;\">Je ne suis plus attir\u00e9 par les grosses sportives ou gros moteur de plus de 100 chevaux sans circuit! Je trouve \u00e7a vraiment inutile sur une\u00a0\u00eele\u00a0ou la limite de vitesse est \u00e0 110km\/h. A part embouteiller le\u00a0sinueux\u00a0et les villes je vois pas lol=) Mais \u00e0 chacun son plaisir moi comme le dis ma page d&rsquo;accueil\u00a0\u00ab\u00a0du moment que \u00e7a tourne \u00e7a va\u00a0\u00bb, quand \u00e7a va tout droit je m&rsquo;ennuis!<\/p>\n<p><\/span><\/em><\/p>\n","protected":false},"excerpt":{"rendered":"<p>Je suis tomb\u00e9 dedans petit! J&rsquo;ai commenc\u00e9 la moto \u00e0 7 ans sur une petite 80 cross au milieu des ann\u00e9es 80. A une \u00e9poque ou dans mon village il n&rsquo;y avait quasiment pas de voiture. Je pouvais donc emprunter &hellip; <a href=\"http:\/\/www.bkl974.re\/moto974\/?page_id=114\">Continuer la lecture <span class=\"meta-nav\">&rarr;<\/span><\/a><\/p>\n","protected":false},"author":3,"featured_media":0,"parent":0,"menu_order":0,"comment_status":"open","ping_status":"open","template":"","meta":{"footnotes":""},"class_list":["post-114","page","type-page","status-publish","hentry"],"_links":{"self":[{"href":"http:\/\/www.bkl974.re\/moto974\/index.php?rest_route=\/wp\/v2\/pages\/114","targetHints":{"allow":["GET"]}}],"collection":[{"href":"http:\/\/www.bkl974.re\/moto974\/index.php?rest_route=\/wp\/v2\/pages"}],"about":[{"href":"http:\/\/www.bkl974.re\/moto974\/index.php?rest_route=\/wp\/v2\/types\/page"}],"author":[{"embeddable":true,"href":"http:\/\/www.bkl974.re\/moto974\/index.php?rest_route=\/wp\/v2\/users\/3"}],"replies":[{"embeddable":true,"href":"http:\/\/www.bkl974.re\/moto974\/index.php?rest_route=%2Fwp%2Fv2%2Fcomments&post=114"}],"version-history":[{"count":9,"href":"http:\/\/www.bkl974.re\/moto974\/index.php?rest_route=\/wp\/v2\/pages\/114\/revisions"}],"predecessor-version":[{"id":144,"href":"http:\/\/www.bkl974.re\/moto974\/index.php?rest_route=\/wp\/v2\/pages\/114\/revisions\/144"}],"wp:attachment":[{"href":"http:\/\/www.bkl974.re\/moto974\/index.php?rest_route=%2Fwp%2Fv2%2Fmedia&parent=114"}],"curies":[{"name":"wp","href":"https:\/\/api.w.org\/{rel}","templated":true}]}}

<p style="text-align: justify;"><em><span style="font-size: small;">Je suis tombé dedans petit!</span></em><br />
<em><span style="font-size: small;">J&rsquo;ai commencé la moto à 7 ans sur une petite 80 cross au milieu des années 80. A une époque ou dans mon village il n&rsquo;y avait quasiment pas de voiture. Je pouvais donc emprunter la route pour aller jouer dans les petits chemins. J&rsquo;ai appris comme ça un peu de cross, beaucoup d&rsquo;enduro et un peu de route&#8230;.</span></em><br />
<em><span style="font-size: small;">Puis parcours classique pétrolette, scooter, 125, routière, puis aujourd&rsquo;hui duke. Et ça fait 27 ans que je monte à moto..</span></em><br />
<em><span style="font-size: small;"> Ce n&rsquo;est qu&rsquo;en 2011 que je suis passé au 4 temps car encore aujourd&rsquo;hui je préfère les 2 temps mais bon c&rsquo;est de plus en plus rare!! J&rsquo;attendais qu&rsquo;une moto me tape vraiment dans l&rsquo;oeil et j&rsquo;ai découvert la Duke 690R mono cylindre j&rsquo;ai acheté direct=)  Un mono qui à une jolie tête c&rsquo;est bon pour moi lol. Vu ou j&rsquo;habite  et ou je roule les 4 cylindres non merci c&rsquo;est lourd et ça avance pas, les bi-cylindres non plus, le bi a les défauts des deux autres en mimant leurs qualités. 1 trois pattes j&rsquo;y pense, j&rsquo;y pense&#8230;.une street triple hummmmm!</span></em></p>
<p style="text-align: justify;"><em><span style="font-size: small;">Mes motos préférées celles que j&rsquo;ai eu ou pas&#8230;rien à voir entre elles=)</span></em><br />
<em><span style="font-size: small;">La 1300 XJR j&rsquo;en ai jamais eu  mais je l&rsquo;ai toujours apprécié. </span></em><br />
<em><span style="font-size: small;"><a href="http://www.bkl974.re/moto974/wp-content/uploads/2011/12/yamaha-xjr-1300.jpg" rel="lightbox[114]"><img loading="lazy" decoding="async" class="aligncenter size-large wp-image-145" title="yamaha-xjr-1300" src="http://www.bkl974.re/moto974/wp-content/uploads/2011/12/yamaha-xjr-1300-800x600.jpg" alt="" width="640" height="480" /></a><a href="http://www.xjrteam.com/" target="_blank">Photo de http://www.xjrteam.com/</a></span></em></p>
<p>125 TZR Belgarda courses quelle moto je l&rsquo;ai adoré photo tirée de <a href="http://yamaha125tzr.vraiforum.com/t555-Mon-TZR-R-belgarda-1992.htm" target="_blank">http://yamaha125tzr.vraiforum.com/t555-Mon-TZR-R-belgarda-1992.htm</a> ressemble à celle que j&rsquo;ai eu que j&rsquo;ai repeint en noir:<a href="http://yamaha125tzr.vraiforum.com/t555-Mon-TZR-R-belgarda-1992.htm"><br />
</a><a href="http://www.bkl974.re/moto974/wp-content/uploads/2011/12/tzr-belgarda.jpg" rel="lightbox[114]"><img loading="lazy" decoding="async" class="aligncenter size-large wp-image-146" title="tzr belgarda" src="http://www.bkl974.re/moto974/wp-content/uploads/2011/12/tzr-belgarda-800x512.jpg" alt="" width="640" height="409" /></a>250 TDR  photo d&rsquo;une annonce:<br />
<em><span style="font-size: small;"><a href="http://www.bkl974.re/moto974/wp-content/uploads/2011/12/250-tdr.jpg" rel="lightbox[114]"><img loading="lazy" decoding="async" class="aligncenter size-full wp-image-147" title="250 tdr" src="http://www.bkl974.re/moto974/wp-content/uploads/2011/12/250-tdr.jpg" alt="" width="582" height="437" /></a> J&rsquo;ai pu l’enfourcher plusieurs fois quel pied super moteur un super jouet. Dommage que le cadre et suspensions soient un peu à la traîne.</span></em></p>
<p><em><span style="font-size: small;">J&rsquo;ai toujours la petite  soeur dans la cour 125 TDR lightburner bon le mien n&rsquo;est pas tout à fait d&rsquo;origine 20 ans cette année: Elle je ne l&rsquo;a vendrai jamais c&rsquo;est ma titine=):</span></em><br />
<em><span style="font-size: small;"><a href="http://www.bkl974.re/moto974/wp-content/uploads/2011/12/mon-light.jpg" rel="lightbox[114]"><img loading="lazy" decoding="async" class="aligncenter size-full wp-image-148" title="mon light" src="http://www.bkl974.re/moto974/wp-content/uploads/2011/12/mon-light.jpg" alt="" width="800" height="600" /><br />
</a>Une que j&rsquo;aimerais bien avoir la 600 NORDWEST Gilera photos <a href="http://www.bikepics.com/" target="_blank">http://www.bikepics.com</a></span></em><br />
<em><span style="font-size: small;"><a href="http://www.bkl974.re/moto974/wp-content/uploads/2011/12/600-nrdwest.jpg" rel="lightbox[114]"><img loading="lazy" decoding="async" class="aligncenter size-full wp-image-149" title="600 nrdwest" src="http://www.bkl974.re/moto974/wp-content/uploads/2011/12/600-nrdwest.jpg" alt="" width="800" height="600" /></a></span></em><br />
<em><span style="font-size: small;">En moto de tous les jours donc pas pour les balades du dimanche je pense m&rsquo;en prendre une cette année ça me fera 3 motos mais bon.</span></em><br />
<em><span style="font-size: small;">J&rsquo;hésite entre un 3 pattes la street triple R: photo <a href="http://www.moto-station.com/">http://www.moto-station.com/<br />
</a><a href="http://www.bkl974.re/moto974/wp-content/uploads/2011/12/Triumph_Street_Triple_675.jpg" rel="lightbox[114]"><img loading="lazy" decoding="async" class="aligncenter size-full wp-image-150" title="Triumph_Street_Triple_675" src="http://www.bkl974.re/moto974/wp-content/uploads/2011/12/Triumph_Street_Triple_675.jpg" alt="" width="500" height="357" /></a></span></em><br />
<em><span style="font-size: small;"> Ou alors une Kawasaki avec le seul bi qui me tente la 650 VERSYS: photo <a href="http://www.lerepairedesmotards.com/">http://www.lerepairedesmotards.com<br />
</a><a href="http://www.bkl974.re/moto974/wp-content/uploads/2011/12/kawasaki-versys-650.jpg" rel="lightbox[114]"><img loading="lazy" decoding="async" class="aligncenter size-full wp-image-151" title="kawasaki-versys-650" src="http://www.bkl974.re/moto974/wp-content/uploads/2011/12/kawasaki-versys-650.jpg" alt="" width="510" height="385" /></a>Tête étrange position sympa moteur solide en moto de tous les jours je suis pour!!</span></em></p>
<p><em><span style="font-size: small;">Et pour le dimanche j&rsquo;ai celle la  KTM Duke 690R je suis pas prêt d&rsquo;en changer=)):</span></em><br />
<em><span style="font-size: small;"><a href="https://lh3.googleusercontent.com/-8Ye7yQXxJok/TunddZ4sTbI/AAAAAAAAC7E/l2thJk-3xFU/s912/P1080090.JPG" target="_blank" rel="lightbox[114]"><img loading="lazy" decoding="async" class="aligncenter" src="https://lh3.googleusercontent.com/-8Ye7yQXxJok/TunddZ4sTbI/AAAAAAAAC7E/l2thJk-3xFU/s912/P1080090.JPG" alt="" width="638" height="479" /></a></span></em></p>
<p><em><span style="font-size: small;">Quel plaisir cette moto&#8230;.</span></em></p>
<p><em><span style="font-size: small;">Je ne suis plus attiré par les grosses sportives ou gros moteur de plus de 100 chevaux sans circuit! Je trouve ça vraiment inutile sur une île ou la limite de vitesse est à 110km/h. A part embouteiller le sinueux et les villes je vois pas lol=) Mais à chacun son plaisir moi comme le dis ma page d&rsquo;accueil « du moment que ça tourne ça va », quand ça va tout droit je m&rsquo;ennuis!</p>
<p></span></em></p>

<p>Je suis tombé dedans petit! J&rsquo;ai commencé la moto à 7 ans sur une petite 80 cross au milieu des années 80. A une époque ou dans mon village il n&rsquo;y avait quasiment pas de voiture. Je pouvais donc emprunter &hellip; <a href="http://www.bkl974.re/moto974/?page_id=114">Continuer la lecture <span class="meta-nav">&rarr;</span></a></p>
