{"id":158,"date":"2012-01-09T17:50:11","date_gmt":"2012-01-09T17:50:11","guid":{"rendered":"http:\/\/www.bkl974.re\/moto974\/?page_id=158"},"modified":"2013-04-16T21:13:24","modified_gmt":"2013-04-16T21:13:24","slug":"infos-sur-les-videos","status":"publish","type":"page","link":"http:\/\/www.bkl974.re\/moto974\/?page_id=158","title":{"rendered":"Mea Culpa"},"content":{"rendered":"<p><em><span style=\"font-size: small;\">-Ne racontons pas de b\u00eatises je roule assez souvent vite.<br \/>\n<\/span><\/em><br \/>\n<em><span style=\"font-size: small;\">-Mais je tiens \u00e0 signaler que malgr\u00e9 certaines apparences je reste de mani\u00e8re g\u00e9n\u00e9rale prudent. Je me suis d\u00e9j\u00e0 cass\u00e9 la figure des 10aines et des 10aines de fois \u00a0aujourd&rsquo;hui avec l&rsquo;age et\u00a0l\u2019exp\u00e9rience\u00a0je sais rouler en ne d\u00e9passant pas mes limites ou si \u00e7a arrive c&rsquo;est que je ne mets personne en danger.<br \/>\n<\/span><\/em><br \/>\n<em><span style=\"font-size: small;\">-Sur les petites routes j&rsquo;acc\u00e9l\u00e8re un peu mais quant il y a un village ou en ville je baisse beaucoup le rythme \u00a0par s\u00e9curit\u00e9,<br \/>\n<\/span><\/em><br \/>\n<em><span style=\"font-size: small;\">-en ligne droite m\u00eame si il n&rsquo;y a personne je ne tire pas sur le moteur \u00e7a sert \u00e0 rien (pour moi)<br \/>\n<\/span><\/em><br \/>\n<em><span style=\"font-size: small;\">-sur la 4 voies je respecte les limites de vitesse.<br \/>\n<\/span><\/em><br \/>\n<em><span style=\"font-size: small;\">-Je ne double jamais sans visibilit\u00e9<br \/>\n<\/span><\/em><br \/>\n<em><span style=\"font-size: small;\">\u00a0&#8211; Et enfin j&rsquo;essais au maximum de ne pas trop\u00a0g\u00eaner les autres usagers de la route m\u00eame ceux qui ont une dent \u00e9vidente contre les motards!\u00a0 Je les comprends parfois!<\/span><\/em><\/p>\n<p><em><span style=\"font-size: small;\">Vous savez \u00e0 peu pr\u00e8s tout&#8230;.<\/span><\/em><\/p>\n","protected":false},"excerpt":{"rendered":"<p>-Ne racontons pas de b\u00eatises je roule assez souvent vite. -Mais je tiens \u00e0 signaler que malgr\u00e9 certaines apparences je reste de mani\u00e8re g\u00e9n\u00e9rale prudent. Je me suis d\u00e9j\u00e0 cass\u00e9 la figure des 10aines et des 10aines de fois \u00a0aujourd&rsquo;hui &hellip; <a href=\"http:\/\/www.bkl974.re\/moto974\/?page_id=158\">Continuer la lecture <span class=\"meta-nav\">&rarr;<\/span><\/a><\/p>\n","protected":false},"author":3,"featured_media":0,"parent":0,"menu_order":2,"comment_status":"open","ping_status":"open","template":"","meta":{"footnotes":""},"class_list":["post-158","page","type-page","status-publish","hentry"],"_links":{"self":[{"href":"http:\/\/www.bkl974.re\/moto974\/index.php?rest_route=\/wp\/v2\/pages\/158","targetHints":{"allow":["GET"]}}],"collection":[{"href":"http:\/\/www.bkl974.re\/moto974\/index.php?rest_route=\/wp\/v2\/pages"}],"about":[{"href":"http:\/\/www.bkl974.re\/moto974\/index.php?rest_route=\/wp\/v2\/types\/page"}],"author":[{"embeddable":true,"href":"http:\/\/www.bkl974.re\/moto974\/index.php?rest_route=\/wp\/v2\/users\/3"}],"replies":[{"embeddable":true,"href":"http:\/\/www.bkl974.re\/moto974\/index.php?rest_route=%2Fwp%2Fv2%2Fcomments&post=158"}],"version-history":[{"count":6,"href":"http:\/\/www.bkl974.re\/moto974\/index.php?rest_route=\/wp\/v2\/pages\/158\/revisions"}],"predecessor-version":[{"id":320,"href":"http:\/\/www.bkl974.re\/moto974\/index.php?rest_route=\/wp\/v2\/pages\/158\/revisions\/320"}],"wp:attachment":[{"href":"http:\/\/www.bkl974.re\/moto974\/index.php?rest_route=%2Fwp%2Fv2%2Fmedia&parent=158"}],"curies":[{"name":"wp","href":"https:\/\/api.w.org\/{rel}","templated":true}]}}